Let g(r) be the third derivative of -1/120*r**6 + 1/8*r**4 - 1/30*r**5 + 0 + 1/2*r**3 + 0*r - 3*r**2. What is g(-3)?
3
Let v(b) = b + 1. Let j be v(5). Let t(n) = -n + 1. Let o(c) = -c - 7. Let u(q) = o(q) - 2*t(q). Give u(j).
-3
Suppose 0 = -4*f + 2*f + 2. Let p(l) = -11*l + 1. Determine p(f).
-10
Let y(l) = -l + 13 - 4 - 1 - 5. Calculate y(3).
0
Let v(w) = w**2 - 4*w - 1. Let h(z) = -z**3 - 4*z**2 - 2*z - 5. Let x be h(-4). Let t be 6/x + 10/1. Let u = -7 + t. Calculate v(u).
4
Let r(k) be the second derivative of k**3/6 + k**2 - k. Let m be r(-2). Let z be -1 - (-2 - (0 + m)). Let a(x) = x. What is a(z)?
1
Let v(a) = -a**2 + a + 4. Let m be v(0). Suppose 3*s = -m*o + 24, 2*o + 0*s = -2*s + 12. Let w(b) = b**3 - 7*b**2 + 7*b - 6. What is w(o)?
0
Let b(o) = -6*o**2 + 1. Let v be (-2 + 4/(-4))*-5. Let i = v - 16. Give b(i).
-5
Let x(y) = -4*y + 2. Let m(o) = 4*o - 1. Let a = 9 + -11. Let t(r) = a*x(r) - 3*m(r). Give t(-1).
3
Suppose w - 7 = -4*z, z - 2*z + 7 = -5*w. Let q(a) = 2*a - 2. Let k(o) = 4*o - 5. Let v(i) = -2*k(i) + 5*q(i). Give v(z).
4
Let f = 3 + -1. Suppose c - f = 5*h - 27, 4*c + 40 = 5*h. Suppose b = -h*b + 10. Let x(n) = 2*n**2 - n. Determine x(b).
6
Let c(b) = -6 + 7*b - 4*b - 4*b. Calculate c(5).
-11
Let k(g) = -g - 4. Let t(f) = f**2 + 5*f + 3. Let b be t(-3). Let c be 0/((-2 - b) + -2). Let o be k(c). Let y(j) = j**3 + 4*j**2 + 2*j + 6. Calculate y(o).
-2
Let r(t) = -2*t**2 + t - 1. Let a be 12*((-7)/(-2) - 3). Let h be 3/(-9) - 10/a. Calculate r(h).
-11
Let j(q) = -6*q**2 + q + 1. Let y be j(-1). Let x = -4 - y. Let s(i) = -2 + x*i - i + i + 9. Calculate s(-5).
-3
Let l = 457 + -464. Let m(a) be the third derivative of -a**6/120 - 7*a**5/60 - a**3/6 - a**2. Determine m(l).
-1
Let b(v) = -v**3 - 1. Let u(g) = -3*g**2 - 2*g. Let s(o) = -2*b(o) - u(o). Suppose 0*w = 2*w + 4. Give s(w).
-6
Let s(l) = -2*l - 6. Let r = 24 - 4. Suppose 4*d = r + 4. Let b be (8/(-3) - -2)*d. Determine s(b).
2
Suppose -2*v + 2*u + 11 = u, v - 3*u - 8 = 0. Suppose v = -6*b + b + 3*g, -1 = -3*b + g. Let k be ((-6)/(-18))/(b/(-6)). Let l(c) = -c**3 + 2*c + 1. Give l(k).
0
Let o(k) = -13*k + 15*k + k**2 + 0 + 1. What is o(-1)?
0
Suppose -4*s - s = -20. Let z(v) be the second derivative of -v**4/12 + v**3 - 3*v**2/2 + v. Give z(s).
5
Let a(y) = y - 9. Let i(p) = -p + 7. Let r(q) = 2*a(q) + 3*i(q). Calculate r(4).
-1
Let b(q) be the second derivative of q**5/20 - q**4/6 + q**3/3 - q**2 - 5*q. Calculate b(3).
13
Let r(x) be the first derivative of -x**2/2 + 11*x - 2. Let o be r(8). Let t = -5 + o. Let v(n) = 3*n**2 + 2*n - 2. What is v(t)?
6
Let i(y) = 7*y + 7*y - 1 + y**2 - 4*y - 2*y. Calculate i(-6).
-13
Let o(q) = -2*q**2 - q - 8. Let m(h) = h**2 + h + 7. Let u(k) = 3*m(k) + 2*o(k). Suppose 7*g - 16 = 3*g. Give u(g).
-7
Let d(n) = -n**2 - 1. Let p(s) = 3*s**2 + 5*s + 2. Let w = 10 - 11. Let q(o) = w*p(o) - 2*d(o). Determine q(-6).
-6
Suppose -2 = -v + 5*c - 7, -2*c + 2 = -4*v. Suppose v*m = -3*m. Suppose b + b = m. Let z(r) = -r**2 + r - 3. Give z(b).
-3
Suppose 2*h + h - 3 = 0. Let t(o) be the first derivative of -1/3*o**3 - 3*o**2 - h - o. Calculate t(-4).
7
Let u(t) be the third derivative of -t**5/10 - t**4/12 - t**3/6 - 6*t**2. Give u(-1).
-5
Let g(w) = -w**3 + 20*w**2 + w - 15. Let x be g(20). Let d(q) be the third derivative of q**4/24 - q**3/2 - q**2. Give d(x).
2
Let n(l) = -14*l**3 - 11*l**2 + 26. Let g(f) = -5*f**3 - 4*f**2 + 9. Let b(m) = -17*g(m) + 6*n(m). Let d be b(-3). Let j(z) = z**2 + 5*z - 2. What is j(d)?
4
Let x(s) = -2*s - 2. Let u = 119 - 122. Calculate x(u).
4
Let t(f) = f + 2*f**2 - 12 + 9 + f**2 - f**3. Calculate t(3).
0
Let b(y) be the first derivative of y**2/2 + 4*y + 6. What is b(0)?
4
Let z be ((-10)/15)/(4/(-18)). Let j(m) = -2*m**2 - m**z + 4 - 2 - 2*m + 4*m**2. What is j(2)?
-2
Let n(a) = -a**2 - 5*a + 10. Let b be n(-7). Let f(l) = -l**2 - 5*l + 1. Determine f(b).
5
Let z(u) be the third derivative of 0*u + 1/24*u**4 + 0 + 1/6*u**3 + u**2. Suppose 9 = 3*f + 3*v, 6 = -4*f + 3*f + 2*v. What is z(f)?
1
Let h(a) = 5*a - a**2 - 5 + 1 - 3 + 6. Determine h(2).
5
Let h(j) be the third derivative of -j**4/8 - j**3/6 + j**2. Determine h(-7).
20
Suppose -4*w = 3*m, -7*w = -2*m - 2*w. Let s be (m - -1)/((-3)/3). Let p(t) = -2*t**3 - 2*t - 1. Determine p(s).
3
Let a be ((-18)/45)/((-1)/5). Let u(t) = -t**2 + 9*t + 4 + 2*t**a - 5*t + 3*t. Give u(-6).
-2
Let s = -8 + 13. Let o = -7 + s. Let f(v) = 2*v - 6*v + 0*v**2 - 2 - v**3 - 2*v**2. What is f(o)?
6
Let k(x) = -x**2 - 7*x - 5. Let z be k(-6). Let h(q) = q**2 - q - 4 + 1 + 2 + 2 - q**3. Determine h(z).
0
Let w(d) be the second derivative of -d**3/3 + 9*d**2/2 - d. What is w(6)?
-3
Let v(n) = -n**3 - 14*n**2 - 12*n + 17. Let o be v(-13). Let k(b) = b - 4. What is k(o)?
0
Suppose 2*d - 2 = -8. Let t = d + 3. Let u(l) = t*l + l + 4 + l - 4*l. What is u(4)?
-4
Let g(r) be the first derivative of -r**3/6 + r**2/2 - 8*r + 8. Let s(o) be the first derivative of g(o). Let m = -2 - 0. Calculate s(m).
3
Let d be -3 + 5 - (1 - 0). Let z be d - (-2 + (-1)/(-1)). Let s(h) be the first derivative of -h**4/4 + 4*h**3/3 - 2*h**2 + 3*h - 14. Calculate s(z).
3
Let q(d) = d**2 + 7*d - 3. Let i be (-4 + (-34)/(-7))*-7. What is q(i)?
-9
Let q(j) = 6*j**2 + 9*j + 3. Let m(s) = -s**2 + 1. Let t(g) = -5*m(g) - q(g). Let i be (-2)/(-7) + 204/(-28). Give t(i).
6
Let i be (-4)/(-6) + (-266)/(-6). Let v be (i/27)/(2/(-6)). Let o(p) = p**3 + 5*p**2 + p - 2. Give o(v).
-7
Suppose 0 = 2*b - 12 - 0. Let n = 8 - b. Let r(t) = t**2 + t + t - 2 - 3*t. Give r(n).
0
Let y(w) = 4*w**3 + 3*w**2 + 3*w + 2. Let z(p) = 7*p**3 + 6*p**2 + 5*p + 3. Let a(g) = 5*y(g) - 3*z(g). Determine a(-2).
-3
Let y(x) be the third derivative of x**5/60 + x**4/24 - 3*x**2. Let p be 1/(10/(-24)) + 48/120. Give y(p).
2
Let v = -8 + 10. Let c be 7 + 1/(v/(-4)). Suppose 14 = c*q - 11. Let u(t) = -t**3 + 6*t**2 - 6*t + 1. Determine u(q).
-4
Let r be (-2)/(2/5*1). Let w(v) be the first derivative of v**3/3 + 3*v**2/2 - 7*v - 14. Give w(r).
3
Let d(p) = 4*p**3 + 9*p**2 - 4*p + 6. Let g(h) = h**3 + h**2 + h - 1. Let a(w) = -d(w) + 3*g(w). Calculate a(-7).
-9
Suppose 0 = 10*j - 11*j - 6. Let a be 9*(-2)/j - 1. Let w(y) = -y**3 + 3*y**2 - 4*y + 3. Calculate w(a).
-1
Let q(g) = -2 + g - 3 - 3 + 0. What is q(4)?
-4
Let q(b) = b - 1. Let n be 6/8 + (-3)/4. Determine q(n).
-1
Let k(u) = 7*u. Let d(h) = -8*h. Suppose -4 = -4*b - 4*w, 3*b + 2*b - 55 = 5*w. Let t(c) = b*k(c) + 5*d(c). Determine t(-1).
-2
Suppose -5*h - 3*l - 12 = -31, 2*h - 1 = l. Let m(o) be the second derivative of 0 - 1/20*o**5 - h*o - 5/12*o**4 + 5/2*o**2 + 1/6*o**3. Calculate m(-5).
0
Let i(f) = 3*f**3 + 6*f**2 - 7*f - 6. Let t(n) = -2*n**3 - 6*n**2 + 6*n + 6. Suppose -2*b + 0 = -4*w - 24, 16 = 4*b. Let y(p) = w*t(p) - 3*i(p). Calculate y(5).
4
Let v = -13 - -16. Let q(p) = -7 - 4*p + 2*p + v*p + p. Let x = 12 + -6. What is q(x)?
5
Let m(z) = 3*z + 1. Let x be m(-3). Let i be (3/6)/((-4)/x). Let o(n) = n**2 - i - 2 - 5*n**2 + 5*n**2. Determine o(-3).
6
Let u be (-2 - -4)*(-9)/(-6). Let g(q) = -4 - 3 + 3*q**u - 4*q**3 + 6. Determine g(0).
-1
Let i(h) be the second derivative of 0 - 1/2*h**4 - 2/3*h**3 + 5*h + 3*h**2 - 1/20*h**5. Give i(-5).
1
Let w(i) = 6*i. Let r = 5 - 4. Suppose -q + r + 0 = 0. Give w(q).
6
Let m = -8 - -10. Let q(i) = i**m + i**2 + 3*i + 2*i**3 + 1 + i**2. Give q(-2).
-9
Let f be ((-1)/(-2))/(3/18). Suppose -3*l + 12 = 3*v, 0 = -2*l - l + 4*v + 12. Let x(w) = 0*w**3 - l*w - 4 - 2*w**2 + 7 + w**3. Determine x(f).
0
Let z(m) be the second derivative of 0 + 5*m + 3/2*m**2 + 1/2*m**3. Calculate z(-5).
-12
Let f = 35 - 29. Let g(o) = o**2 - 5*o - 1. Calculate g(f).
5
Let c be (4/6)/((-2)/(-9)). Let q = 3 - c. Let p(v) = -4*v**2 - 1. Let n(w) = 5*w**2 + 2. Let z(j) = -5*n(j) - 6*p(j). Calculate z(q).
-4
Let n(o) be the second derivative of -o**4/6 + 4*o**3/3 - 3*o**2/2 + 13*o. Calculate n(5).
-13
Let v(k) = 2*k**3 + 18*k**2 + k + 20. Let x(w) = w**3 + 9*w**2 + 10. Let b(q) = -6*v(q) + 11*x(q). What is b(-8)?
-26
Let w(r) = 8 - r - 15 + 10. Calculate w(5).
-2
Let q = -8 - -10. Let i(m) be the second derivative of m**2 + m + 1/3*m**3 + 0. Calculate i(q).
6
Let u be -2 - (-3 - 16) - 2. Suppose 5*n - u = h + 2*h, -n = h + 5. Let d(p) = -p**3 + p**2 - 10. What is d(n)?
-